r when 42 is divided by c.
9
What is the remainder when ((-57)/(-12))/(1/4) is divided by 5?
4
Calculate the remainder when 47 is divided by -2 - 56/(-7 - -3).
11
Suppose 0 = -2*r + 38 + 8. Calculate the remainder when r is divided by 7.
2
Let o be (-3)/(-4) + (-63)/(-12). Suppose 0 = -3*d + d + o. Let h = -19 + 27. Calculate the remainder when h is divided by d.
2
Let a(w) = -6*w + 1. Suppose 4*h - 7 = -19. Calculate the remainder when a(-6) is divided by (-38)/h + 4/12.
11
Suppose 55*y - 98 = 53*y. Calculate the remainder when y is divided by 17.
15
Suppose j + 2*t - 3 = 7, -5*j - 5*t + 55 = 0. Suppose 0 = n - 3*n + 44. What is the remainder when n is divided by j?
10
Calculate the remainder when 67 is divided by ((-1)/2)/(6/(-276)).
21
Let b(w) = w + 13. Let r = 6 + 14. Calculate the remainder when r is divided by b(-6).
6
Let q(g) = -33*g**3 + 1. Let t = -3 - -2. Calculate the remainder when q(t) is divided by (9 - -2 - 1) + 2.
10
Suppose 2*i + 5*n - 20 = 0, 0 = -0*i - 3*i - 2*n + 30. Let l = -14 + 22. What is the remainder when i is divided by 68/18 - l/(-36)?
2
Suppose 3*n - 51 = -5*f + 22, -3*f + 31 = n. Suppose 2*i + 2*i + 22 = 5*s, 2*s + 2 = -2*i. What is the remainder when n is divided by 50/6 - s/(-3)?
7
What is the remainder when (-1110)/(-14) - 2/7 is divided by 27?
25
Let s be 4/1 - (4 + -4). Suppose 1 = -5*z + 6. What is the remainder when -3*(0 + s/(-6)) is divided by z?
0
Let n(v) = v**2 - 2*v + 3. Let t be n(3). Suppose 5*d + 30 = 2*s + 3*s, -t = 2*s + 4*d. Calculate the remainder when 13 is divided by s/(12/(-2))*-10.
3
Suppose 0 = 7*w - 2*w - 35. Suppose a = 5*g - 8 + 30, -4*a + 50 = -g. Calculate the remainder when a is divided by w.
5
Let t(v) = v**2 - 3*v + 4. Suppose -b - 4*b = 15. What is the remainder when t(b) is divided by 12?
10
Let y = -82 + 145. Calculate the remainder when y is divided by 11.
8
Let t be 8 + (-2 - 1/(-1)). Let c(s) = 0*s**3 - 5*s**2 - 10*s + s**3 + 1 + 3. What is the remainder when c(t) is divided by 11?
10
Let q(t) = t**3 - 9*t**2 + 10*t + 4. Let z(n) = n + 15. Let v be z(-7). Calculate the remainder when 59 is divided by q(v).
19
Calculate the remainder when 576/26 - (-12)/(-78) is divided by 5.
2
Suppose 2*g + 5*a = -0 + 1, 0 = -5*g + 2*a + 17. Suppose g*q - 4 = 8. Suppose -x = -q*x - 6, -5*x - 194 = -4*j. What is the remainder when j is divided by 16?
14
Suppose -166 = -5*g - y + 243, g + 3*y = 79. Let a = 82 + -40. Let o = 70 - a. Calculate the remainder when g is divided by o.
26
Suppose -3*y = -23 - 7. Suppose -5*v + y = -45. What is the remainder when v is divided by 7?
4
Let l be 10/(-3) + 3/9. Calculate the remainder when 1/l - 256/(-12) is divided by 11.
10
Let v = -452 + 684. What is the remainder when v is divided by 59?
55
Let i = -1 + 12. Calculate the remainder when 19 is divided by i.
8
Let m = 57 - 22. Let i = 38 - 26. Calculate the remainder when m is divided by i.
11
Let t = -14 - -23. What is the remainder when 24 is divided by t?
6
Suppose -y + 7 = 3. Suppose 38 + 24 = 5*a + y*b, b = -a + 12. Let l = 39 - 0. Calculate the remainder when l is divided by a.
11
Suppose 5*a + 0*d + 26 = 2*d, -4*d = -5*a - 22. Calculate the remainder when (-4)/a - (-82)/3 is divided by 10.
8
Let g(z) = -4*z + 1. Let b be (-5 - -7)*(-38)/(-4). Suppose b = 3*a - 32. What is the remainder when a is divided by g(-2)?
8
Let v(a) be the second derivative of a**5/20 + 7*a**4/12 + a**3/6 - 2*a**2 + 2*a. What is the remainder when 55 is divided by v(-3)?
26
Let h = 19 - 14. Calculate the remainder when h is divided by 3.
2
Suppose 5*g - 3 = -n, 2*n - 4*g = -0*n + 20. Let k(m) be the first derivative of -m**2/2 - m - 3. What is the remainder when n is divided by k(-6)?
3
Let y(d) = d**3 - 9*d**2 + d + 6. Let k = -7 - -16. Calculate the remainder when 42 is divided by y(k).
12
Let w(x) = -2*x**3 - 9*x**2 + 2*x + 11. Calculate the remainder when 44 is divided by w(-5).
18
Suppose 0 = -2*n + 7*n - 30. What is the remainder when n is divided by 3*-1*4/(-36)*6?
0
Suppose 3*l - 160 = -2*l. Let d = 14 + l. What is the remainder when d is divided by (-4)/6*12*-2?
14
Calculate the remainder when (-1416)/(-32) + 2/(-8) is divided by 9.
8
Let u be (1/2)/(1/(-12)). Calculate the remainder when 36 is divided by (-4)/(-6) - 56/u.
6
Let k(b) = b**2 - 5*b + 2. Let n be k(5). Suppose -n - 18 = -4*d. Calculate the remainder when (2 + -7)*68/(-20) is divided by d.
2
Let j(m) = m**2 - 2*m + 2. Let k(p) = p - 5. Let x be k(6). Suppose -v + 0 - x = 4*u, 0 = 5*v - 2*u - 17. What is the remainder when j(v) is divided by 3?
2
Let o be (-2)/(1 + (-35)/37). Let h = o - -75. What is the remainder when h is divided by 13?
12
Let l = 28 - 21. What is the remainder when l is divided by 5?
2
Suppose 0 = 26*q - 21*q - 10. Suppose 5 - q = 3*u. Calculate the remainder when 3 is divided by u.
0
Let v(u) = 2*u**2 - 9*u + 12. What is the remainder when v(7) is divided by (-24)/((1 - 2)/1)?
23
Let c(f) = -6*f - 3. What is the remainder when 14 is divided by c(-1)?
2
Suppose -5*p + 2*d + 279 = 0, -d + 30 = p - 23. Let z = p - 0. Calculate the remainder when z is divided by 19.
17
Suppose -3*z + 3*i = -39, 2*i = -3*z + 7*i + 47. Let k(n) = n**2 - 2*n - 8. What is the remainder when k(6) is divided by z?
7
Let p = 75 - 26. What is the remainder when p is divided by 18?
13
Suppose -2*r = 2, 0 = -4*y - 2*r - 3 + 33. Calculate the remainder when 46 is divided by y.
6
Let b(v) = -15*v**3 - 5*v**2 - 11*v - 3. Calculate the remainder when b(-2) is divided by 41.
37
Suppose 0 = 3*j - 90 - 21. Calculate the remainder when j is divided by 10.
7
Let g(q) = -3*q - 5. Calculate the remainder when 26 is divided by g(-4).
5
Let q(c) = 19*c**2 + 2*c + 1. Calculate the remainder when 52 is divided by q(-1).
16
Calculate the remainder when 0 - 2/(-4)*54 is divided by 12.
3
Let u(k) = -k**2 + 8*k + 13. What is the remainder when 19 is divided by u(9)?
3
Suppose 0*g - 58 = -2*g. Suppose 4*d = i + 26 + g, -2*d = -5*i - 41. Calculate the remainder when 50 is divided by d.
11
Suppose 0*u + 5 = u - a, -15 = -3*u - a. Suppose 5*k - 2*k - 19 = u*y, -3*y = 4*k - 64. What is the remainder when 24 is divided by k?
11
Suppose 100 = 2*w - 54. Let f = 3 - -10. What is the remainder when w is divided by f?
12
Suppose 0 = f + 12*f - 741. Calculate the remainder when f is divided by 29.
28
Let b(l) = l - 19. Let m be b(13). Let n(t) = 9*t**2 - t. Let u be n(-1). Let d = u + m. Calculate the remainder when 7 is divided by d.
3
Suppose 4*l - 15 = l. Suppose l*r - 204 = 221. Suppose 5*z = 10*z - r. What is the remainder when z is divided by 9?
8
Let n(a) = a**2 + 7*a - 2. Let d be n(-8). Suppose 5*u + d - 66 = 0. Suppose 73 = 5*k - 97. What is the remainder when k is divided by u?
10
Let y = 69 - 61. What is the remainder when 46 is divided by y?
6
Suppose 9 = 5*w - 21. Let a = 26 - w. Let h = 1 - -6. Calculate the remainder when a is divided by h.
6
What is the remainder when 137 is divided by ((-47)/(-4))/(-1 - 25/(-20))?
43
Let l = -15 - -27. Suppose -3*y + 2*g + g + 90 = 0, -g - 100 = -3*y. Calculate the remainder when y is divided by l.
11
Let y(w) = w**2 + 3*w + 4. Let r(l) = 3*l**2 + 5 - 7 + l**3 - 2*l - 2*l - 4. Let v be r(-4). What is the remainder when y(v) is divided by 12?
10
Let l(a) = 2*a + 22. Calculate the remainder when l(7) is divided by 8.
4
Suppose -g = 5*s + 2*g - 81, 56 = 4*s - 2*g. What is the remainder when s is divided by (-1 + (-6 - -1))*-1?
3
Let k = -66 + 71. What is the remainder when 49 is divided by k?
4
Suppose 28 + 20 = 6*v. What is the remainder when 13 is divided by v?
5
Let g(j) = j**3 - 15*j**2 - 15*j - 5. Calculate the remainder when 19 is divided by g(16).
8
Let s(w) = -w**3 + 6*w**2 + w + 7. Let z be s(6). Let i = -7 + z. What is the remainder when 22 is divided by i?
4
Let j = 180 + -107. Let r = j + -48. What is the remainder when r is divided by 7?
4
Suppose 6 = -2*a, -5*g + 4*a = -g - 132. What is the remainder when 106 is divided by g?
16
Let f be 5/2*6/5. Suppose -5*c - 4*u + 71 = 0, 0*u = 3*c - f*u - 21. What is the remainder when 20 is divided by c?
9
Let f = 1 - 0. What is the remainder when (13/(-26))/((-1)/2) is divided by f?
0
Let y = 7 + -1. Let r = 29 - y. Calculate the remainder when r is divided by 8.
7
Let c = 129 + -18. L